 hundreds digit of v(8)?
5
What is the hundreds digit of (-15)/1*64/80 - -43063?
0
Suppose 5*o + 201 = 6*o. Let c = -36 + o. Let i = 245 - c. What is the units digit of i?
0
Let p(y) = 21*y**2 + 710*y - 4286. What is the hundreds digit of p(6)?
7
Suppose -27 = -b - 5*m, 3*b + 48 = 8*b - 4*m. Suppose i = b*i - 1793. What is the tens digit of i?
6
Suppose 150*a - 301878 = -134*a + 1241946. What is the tens digit of a?
3
Let y = -17150 + 34027. What is the ten thousands digit of y?
1
Suppose -2*c + 0*c + 482 = -4*o, 0 = 3*o + 3*c + 384. Let h = 222 + o. Let k = 220 - h. What is the hundreds digit of k?
1
Suppose -9150 = -5*p - 4*y, 3*p - 3*y - 3683 = p. Suppose 5*r + 2*r = p. What is the units digit of r?
2
Let s be 668 + (-8 + 4)/4. Let z = s + -335. What is the tens digit of z?
3
Suppose 9*i - 155 = 493. What is the tens digit of ((-297)/2)/((-36)/i)?
9
Suppose -4*m - s = -24676, -m = -41*s + 45*s - 6154. What is the hundreds digit of m?
1
Suppose -t = -5*r + 262694, 3*t = -r + 15610 + 36916. What is the hundreds digit of r?
5
Let b(m) = -30*m**3 - 28*m**2 - 119*m - 2. What is the units digit of b(-7)?
9
Let u(l) = 4*l**2 + 4*l + 34. Let f be u(19). Suppose -4*m + f - 38 = 0. What is the units digit of m?
9
Suppose 0 = 4*x + 28087 - 163767. What is the units digit of x?
0
Let s(z) = -z**2 + 6*z - 5. Let m be s(5). Let v be (-10)/1 - (-616)/44. Suppose -v*g + 4*p - 7*p + 326 = m, g - 3*p = 89. What is the units digit of g?
3
Let u(t) = 40*t - 17. Let m = -204 - -210. What is the tens digit of u(m)?
2
Suppose 2*m + 4 = 6*m. Let k(z) be the third derivative of 17*z**5/12 + z**4/24 + z**2 - 17. What is the units digit of k(m)?
6
Suppose 0 = -4*l - 5*n + 29, -6*l + 19 = -2*l - 5*n. Let o be 48/l*4/(-8). What is the tens digit of (o + 3 - -14) + 3?
1
Let m be 1086/(-17) - 6/51. Let v = m - -205. What is the tens digit of v?
4
Suppose 0 = -3*b + 3*z + 9795, -3*b - 5*z + 6517 = -3222. What is the units digit of b?
8
Let p be 3/6 + (-9)/6 + 1. Suppose 3*j + 3*d = p, 2*j - 3*d + 8 = j. What is the units digit of j + 32 + -2 + -4?
4
Suppose 0 = 5*p - k - 146243, -50*p + 3*k = -59*p + 263223. What is the units digit of p?
8
Let z(j) = -7*j**3 - 5*j**2 - 5*j - 1. Let g be z(-1). Suppose -4*c - 3*n + g*n + 686 = 0, -4*n + 8 = 0. What is the tens digit of c?
7
Let z(w) be the second derivative of 21/2*w**2 + 0 + 77/6*w**3 - 27*w. What is the tens digit of z(2)?
7
Let a(f) = -2*f**2 - 10*f + 2. Let m(l) = l**2 + l + 1. Let v(k) = a(k) + 3*m(k). Let o be v(17). Suppose 4*w = 193 + o. What is the tens digit of w?
9
Let h(i) = 4*i**3 - 18*i**2 + 23*i - 59. Let z(x) = -5*x**3 + 19*x**2 - 23*x + 61. Let j(m) = 6*h(m) + 5*z(m). What is the hundreds digit of j(-17)?
7
Suppose -1934*i = -1911*i - 1519610. What is the units digit of i?
0
Let y(v) = 14*v**2 + v. Suppose -16 = -4*m + 84. Suppose 17 = -4*p + m. What is the units digit of y(p)?
8
Suppose 203229 = 52*r - 117351. What is the hundreds digit of r?
1
Let c = 26554 - 16686. What is the units digit of c?
8
Let z(l) = 3*l**2 - 11. Let x(m) = m**2 + 8*m + 12. Let f be x(-7). Let u be z(f). Let k = 174 - u. What is the units digit of k?
0
Let f = -229 - -690. Suppose d - 422 = 5*p, -4*d - p = -1143 - f. What is the units digit of d?
2
Suppose -6*t = -30*t - 12264. Let p = t + 960. What is the tens digit of p?
4
Let l(h) be the first derivative of 13*h**2 + 58*h + 75. What is the hundreds digit of l(15)?
4
Let x(w) be the third derivative of -24*w**2 - 13/12*w**4 - 1/60*w**5 + 3*w**3 + 0 + 0*w. What is the units digit of x(-19)?
1
Let b = -40 - -76. Let s be -4*(-3)/b*15. What is the tens digit of ((-2)/s - 0) + (-735)/(-25)?
2
Let j(d) = 316*d**2 + d + 1. Let t be ((1/2)/1)/(28/(-56)). Let a be j(t). Suppose -2*r = -5*x + a + 364, r = 5. What is the tens digit of x?
3
Let p(z) = -z**3 + 18*z**2 - 16*z - 17. Let r be p(15). Let w = 645 - r. What is the tens digit of w?
2
Let n = -41 - 4. Let y be (-14 - -18) + (0 - n). What is the units digit of 1*y + (-32)/(-8)?
3
Let u(n) = -n**3 - 40*n**2 + 8*n - 6. What is the units digit of u(-42)?
6
Let q(k) = -4*k - 81. Let g be q(-11). Suppose u + v - 253 = -0*u, 0 = -5*u - 4*v + 1262. Let o = g + u. What is the units digit of o?
3
Suppose 0 = -363*y + 325*y + 258286. What is the units digit of y?
7
Suppose 54*n = 85*n - 1853335. What is the units digit of n?
5
Let q = -543 - -545. Suppose -t = -l + 1070, -2053 = -q*l + 3*t + 82. What is the tens digit of l?
7
Suppose -o - 5*c = 36 - 126, 2*o = 3*c + 219. Let t = 96 - o. Let m(w) = 2*w**2 - 27. What is the units digit of m(t)?
5
Let q = 94 - 89. Suppose q - 1 = -a. What is the units digit of 18/36 + (-22)/a?
6
Let r(q) = 4*q**3 + 7*q**2 + 10*q - 10. Let d = 19 + -13. What is the units digit of r(d)?
6
Let g(j) = -12*j**3 - 14*j**2 - 13*j - 130. Let v be g(-16). Suppose -78*i + v = -20*i. What is the tens digit of i?
8
Suppose 83 = -6*f + 7*f. Let q(y) = 81*y - y**3 - f*y + 10*y**2 - 2 - 2. What is the tens digit of q(4)?
8
Let a(o) = 13*o - 16*o + 13*o**3 + 8*o**2 - 3*o**2 + 7 - 9*o. What is the units digit of a(3)?
7
What is the tens digit of (126/(-147))/((6/(-73822))/3)?
3
Suppose 5 = -w + 4*s, 0 = 5*w - 2*s - 3*s - 5. Let g(k) = 105*k - 26. Let l be g(w). Suppose 5*b - l = -3*p, 6*p + b - 293 = 3*p. What is the units digit of p?
8
Suppose 0*a = -x + 5*a + 18, 4*a = 2*x - 30. Suppose 3*h - 2*w = 860, -3*h + 845 = 8*w - x*w. What is the tens digit of h?
9
Let v = 14031 + -1051. What is the hundreds digit of v?
9
Suppose q = -o + 1781, 4*o + 1926 = q + 155. Let f = q - 1249. Suppose -1063 = -4*d - 2*x + x, 2*d + 2*x = f. What is the hundreds digit of d?
2
Suppose -2*f + 988 = -b, -3*f - 3*b = -1376 - 106. Suppose 196 = -c + f. What is the units digit of c?
8
Let t be (-1 - 1) + 3 - -1036. Let f = t - 567. What is the units digit of f?
0
Let d = 5594 + -2870. Let o = d + 888. What is the units digit of o/49 - 2/(-7)?
4
Suppose 4*b - r = 126 + 16191, -2*r = -4*b + 16314. Suppose 144*t - 138*t = b. What is the hundreds digit of t?
6
Suppose 0 = 5*k - 30 + 10. Let j be (34/k)/((-3)/2 + 2). Let y = -11 + j. What is the units digit of y?
6
Suppose 2*y + 3 = 3*y. Suppose -506 = -2*c - y*o, -3*c + o - 2*o + 752 = 0. What is the units digit of c?
0
Let y(m) = -m + 94. Let w = -12 + 22. Suppose -7*a + w*a = 0. What is the units digit of y(a)?
4
Suppose 2*q - 2*h - 3*h + 3436 = 0, 3*q + 5167 = h. Let x = q - -2536. What is the hundreds digit of (-21)/(-14) + x/6?
1
Let p = 7515 + -4018. What is the thousands digit of p?
3
Let l(d) = 8*d**3 + 12*d**2 - 36*d - 8. Let g(z) = 7*z**3 + 13*z**2 - 37*z - 7. Let w(c) = 7*g(c) - 6*l(c). What is the units digit of w(-21)?
0
Let x(p) = 75*p + 56. Let l be x(7). Suppose l = 538*y - 531*y. What is the tens digit of y?
8
Let w(k) = -203*k - 25. Suppose 23*p - p = -44. What is the tens digit of w(p)?
8
Let m(h) = -115*h + 67. Let p(n) = -229*n + 132. Let f(s) = 5*m(s) - 3*p(s). What is the hundreds digit of f(6)?
6
Let n = 25 + -22. Let r(a) = -57 - 54 - 20*a**n + a**2 + 110. What is the tens digit of r(-1)?
2
Let g(v) = 8927*v + 2634. What is the hundreds digit of g(3)?
4
Let k be 4 + (-1)/(-3)*(3 + -3). Suppose -3*m + 5*h + 1025 = -0*m, 0 = -3*m - k*h + 1016. Suppose 4*d - 976 = -m. What is the hundreds digit of d?
1
What is the ten thousands digit of (61604/(-12))/(159/(-954))?
3
Suppose 2*u = 8*u. Suppose -4*v = -2*q + 1266, 5*v - 19 + 9 = u. What is the hundreds digit of q?
6
Let h be (-2 - (9 + -5))*2/(-3). Let v be h/20 + 5/(25/474). Suppose 10*o - 45 = v. What is the units digit of o?
4
Suppose 17*b - 121 = 15. What is the units digit of b/14*-9*(-3808)/102?
2
Suppose -70507 + 43363 = -62*l + 494028. What is the tens digit of l?
0
Suppose 0 = 2*d + 3*v - 60473, -2*v = -6*d + 3*d + 90729. What is the tens digit of d?
4
Let j = 15881 - 5655. What is the ten thousands digit of j?
1
Let d be -222 + ((-648)/(-135) - (-1)/5). What is the tens digit of 0 + 4 + (42 - d)?
6
Let n be (0 - 6)*(112/4 + -2). Let z = n - -249. Let f = -8 + z. What is the tens digit of f?
8
Suppose 3*u - 110 = -5*h, -7*u + 4 = h - 10*u. Suppose h*z + 271 = 20*z - k, -4*z = 5*k - 1075. What is the units digit of z?
0
Suppose -31*g = -36*g - 150*g + 609925. What is the hundreds digit of g?
9
Let b = 31688 - 14199. What i